d by 9.
7
Suppose 5592 = -186*q + 210*q. What is the remainder when q is divided by 10?
3
Let y = 30561 - 28925. Calculate the remainder when y is divided by 186.
148
Suppose 0 = -50*x + 47*x + 51. Suppose 15*y - 12 = x*y. Calculate the remainder when 39 is divided by (8/y)/(7 + 932/(-132)).
17
Suppose 5*k - 32 = -5*j + 63, 2*k - 4*j = 2. Calculate the remainder when 296 is divided by k.
10
Suppose -89*u + 84*u = -70. Suppose -364 = x - u*x. Calculate the remainder when x is divided by 17.
11
Let o = -9844 - -12179. What is the remainder when o is divided by 167?
164
Let f = 4103 - 4093. Calculate the remainder when f is divided by 5.
0
Let a = 2649 + -2627. What is the remainder when 12935 is divided by a?
21
Suppose 58*b - 389675 = 2637. Calculate the remainder when b is divided by 10.
4
Let f(s) = 7*s**2 + 242*s - 56. Calculate the remainder when f(-35) is divided by 49.
0
Let w = 1190 - 70. Let n = w + -1081. What is the remainder when n is divided by -1*1 - -1 - -10?
9
Suppose 4*h + 46 = -4*u + 74, -5*h + 5*u = -55. What is the remainder when 971 is divided by h?
8
Let w(k) = k**2 + k - 4. Let s = 35 - 27. Suppose -s*o + 1071 = -o. What is the remainder when o is divided by w(-6)?
23
Let v = -1501 + 1595. What is the remainder when v is divided by 47?
0
Suppose -5*s - p = -4024, -2*s - 6*p + 1588 = -11*p. Calculate the remainder when s is divided by 794.
10
Let g(a) = -a**2 - 3*a + 2. Let p(b) = -b**3 + 5*b**2 - 7. Let r be (-2)/(2*4/(-16)). What is the remainder when p(r) is divided by g(-3)?
1
Suppose -18*q + 19*q - 25 = 0. Let a(s) = s**3 - s**2 + 2*s + 6. Calculate the remainder when a(5) is divided by q.
16
Let b(t) = -13*t - 1. Let m be b(-3). Suppose 3*h + 4*i = 196, -19*h - 5*i = -16*h - 191. Suppose r - m = h. What is the remainder when r is divided by 28?
26
Suppose -y - 18 = -5*n, -3*n - 60 = 4*y + 12. What is the remainder when 105 is divided by (y/8)/((-3)/(-4) + -1)?
6
Let l = -339 + 552. Calculate the remainder when 1062 is divided by l.
210
Calculate the remainder when (-1456)/(-9) + (-2)/(-9) is divided by 84/5*9*100/270.
50
Let d(v) = -1193*v - 10329. What is the remainder when d(-9) is divided by 59?
54
Let l = -10227 - -10233. What is the remainder when 673 is divided by l?
1
Let p(j) = j**3 + 20*j**2 - 15*j + 63. What is the remainder when p(-19) is divided by 64?
5
Let f(t) = 2*t**2 + 7*t - 14. Let o be ((-2)/3)/(-3*10/225). Calculate the remainder when f(o) is divided by 8.
7
Let x(y) = y**2 + 30*y + 119. What is the remainder when 374 is divided by x(0)?
17
Let h be 2/7 + (-136268)/(-77). Suppose -h = -12*b + 2*b. Calculate the remainder when b is divided by 9.
6
Suppose -3*u + 4*g + 17 = 3*g, -5 = g. Suppose -5*x - 3*v = -522, 0*v - 529 = -5*x + 4*v. Let s = x - 94. Calculate the remainder when s is divided by u.
3
Suppose -11*s + 203324 = -6*s + 39*s. What is the remainder when s is divided by 67?
65
Let x be (-1885)/26*18/(-15). What is the remainder when 184 is divided by (2 - (-24)/(-9))*x/(-2)?
10
Let h be -9 + 5 - ((-726)/(-2))/(-3). Suppose 0 = -2*x + 5*f + 70, 0 = -7*x + 2*x - 2*f + h. What is the remainder when 248 is divided by x?
23
Let d(n) = -27*n - 8. Suppose -30*p + 28*p = 2. Calculate the remainder when d(p) is divided by 3.
1
Suppose 8*p = 88 - 32. Let r(y) = -2*y**2 + 17*y - 3. Suppose -f = 4*x - 47 + 4, 56 = 5*x + 2*f. What is the remainder when r(p) is divided by x?
8
Suppose 6*p = -2*p + 344. Let d be 359/(-7) - 6/(-21). Let t = d + 134. Calculate the remainder when t is divided by p.
40
Suppose 195*o - 7669 = 5591. Calculate the remainder when 596 is divided by o.
52
Suppose 168 = 23*a - 31*a. Calculate the remainder when 335 is divided by (686/a)/7*3*-1.
13
Let b(d) = 5*d**2 + 69*d - 34. Calculate the remainder when b(-17) is divided by (-147)/(-7) - 5/(30/(-18)).
22
Suppose 3*c - 36 = 3*m, 3*c - 46 = 6*m - m. Suppose -177*f + 6514 = 2691 - 3434. Calculate the remainder when f is divided by c.
6
Suppose u - 164 - 625 = -l, 9*l - 3917 = -5*u. What is the remainder when u is divided by 116?
100
Let g(i) = -2*i - 4. Let n be g(-8). Suppose -n*l - 4*l = -160. Calculate the remainder when 358 is divided by l.
8
Let r(n) = 2*n**2 - 19*n - 62. Let d = -72 + 67. What is the remainder when r(d) is divided by 12?
11
Let a(h) = h**3 + 6*h**2 - 18*h - 17. Let j be a(-8). Calculate the remainder when 243 is divided by 196*3*((-3)/36)/j.
47
Suppose 1273 = 3*x + 5*t, 3*x + 3*t - 419 = 2*x. What is the remainder when x is divided by 116?
83
Let r(z) = 346*z - 112. Let o be r(4). Suppose 0 = -19*h - 5*h + o. What is the remainder when 211 is divided by h?
52
Let n(s) = -7*s**3 + 2*s**2 + 3*s - 2. Suppose -5 = 8*g + 11. Calculate the remainder when n(g) is divided by 17.
5
Suppose 5*c = -85 - 160. Suppose 5*j - 83 = 4*j. What is the remainder when j is divided by -2*2/2 - (c + 23)?
11
Suppose 5*a - 335 = -159*a + 3273. Calculate the remainder when 57 is divided by a.
13
Suppose -4*k - 7*o + 253 = -38, 2*o = -2*k + 144. Calculate the remainder when 131 is divided by k.
60
Suppose -4145 = -812*q - 98 + 13. Suppose -4*y = 4 - 76. What is the remainder when y is divided by q?
3
Suppose 0 = 122*c + 306*c - 1476600. What is the remainder when c is divided by 119?
118
Suppose 58*t = 54*t. Suppose t = -6*r + 718 - 82. What is the remainder when r is divided by 27?
25
Suppose -1739 = 244*t - 230*t - 13933. What is the remainder when t is divided by 19?
16
Let k(v) = -3*v - 1. Let y be k(-1). Suppose -y*t = 3*t - 160. Calculate the remainder when t is divided by (30/16)/(34/(-459) + 226/864).
2
Let i be ((-64)/(-288))/(1/9). Let x be ((-77)/11)/(1*(i - 3)). Suppose x*h - 46 = 10. Calculate the remainder when h is divided by 3.
2
Let q be (5 + (-126)/30)*5. Suppose -225 = -q*p + 7. What is the remainder when 229 is divided by p?
55
Let u = 5549 - 5497. Let w be (-1)/((-3)/6 - 0). Suppose r + w*r = 54. What is the remainder when u is divided by r?
16
Suppose 4*w = -0*w + 20. Let f(q) = -13*q + 90*q**2 - 3*q**3 - 192*q**2 + 4*q**3 - 11 + 99*q**2. What is the remainder when f(6) is divided by w?
4
Let w(x) = -705*x - 4029. What is the remainder when w(-6) is divided by 68?
65
What is the remainder when 1264 is divided by (-1911)/(-63) - (-10)/15?
24
Let o(b) = 2*b**3 + 3*b**2 - 2*b - 1. Suppose 13*q = 8*q - 215. Let m = -40 - q. Calculate the remainder when o(m) is divided by 19.
17
Suppose 1365 = 5*c + o, -68*c + 66*c = 5*o - 523. What is the remainder when c is divided by 42?
22
What is the remainder when 4350 is divided by -2 + 66 + 8 + -4?
66
Let o(j) = -j**3 + 6*j**2 + 9*j - 12. Suppose 2*v + z - 9 = 0, -2*v + 7 = -6*v + 3*z. Calculate the remainder when v is divided by o(7).
0
Suppose -22*d + 34*d + 2448 = 0. Let j = d - -283. Calculate the remainder when j is divided by 14.
9
Suppose -l + 1 - 2 = 0, 0 = -2*i - 4*l + 360. What is the remainder when 1635 is divided by i?
179
Let h = 79 + -75. Suppose -5*x + 2*p - 6 = 0, 8*p = -h*x + 4*p - 16. What is the remainder when 59 - (0 - (x - -5)) is divided by 17?
11
Let w = -364 + 360. Calculate the remainder when ((-38)/2)/(3 + w) is divided by 4.
3
Suppose v + 4*j = -4, -4*v = -7*v + j + 40. Let s(g) = -g**3 + 18*g**2 - 68*g + 14. What is the remainder when 123 is divided by s(v)?
61
Suppose -5*m + 239 + 172 = g, 3*g - 1272 = -2*m. Let k = g - 231. What is the remainder when k is divided by 33?
30
What is the remainder when (-1 + 1*750)/((-80)/(-80)) is divided by 58?
53
Let m be (-8)/28 + 13176/56. Suppose -m = 86*p - 91*p. Calculate the remainder when 140 is divided by p.
46
Calculate the remainder when (0 + 3)*(1 - 89736/(-72)) is divided by 9.
7
Suppose -5*h + 3*h = -4, x + 2*h = 83. Calculate the remainder when 157 is divided by x.
78
Suppose 3 - 148 = -5*u - 2*x, 2*u - 37 = -5*x. Calculate the remainder when (59/(-9))/((2/4)/((-2394)/532)) is divided by u.
28
Let k(u) = 11*u**2 - 594*u + 596. What is the remainder when 996 is divided by k(1)?
8
Suppose -323*u + 347*u - 1632 = 0. Calculate the remainder when u is divided by 66.
2
Let s = 33204 - 33181. What is the remainder when 142 is divided by s?
4
Let g be (1/((-4)/24))/(-2). Suppose -g*b = -4*t + 365, -4*b + 87 + 79 = 2*t. Let h = 76 + -53. What is the remainder when t is divided by h?
20
Let v(j) = -5*j - 2